alse
Is 24599747 prime?
True
Is 66188453 prime?
True
Is 2686393 a composite number?
False
Is 15575639 a composite number?
True
Is 537569 composite?
False
Is 1812749 a composite number?
False
Is 203091749 a prime number?
False
Is 24320301 a prime number?
False
Is 182238689 composite?
False
Is 55128289 composite?
False
Is 5428699 a composite number?
True
Is 51174439 prime?
False
Is 41956337 prime?
False
Is 9890579 prime?
True
Is 36025039 a composite number?
False
Is 2160293 a composite number?
False
Is 4766651 composite?
False
Is 114544543 a composite number?
True
Is 770741 a prime number?
True
Is 24632239 a prime number?
True
Is 291077323 a composite number?
False
Is 105003043 composite?
True
Is 463741 a composite number?
False
Is 16466969 a composite number?
False
Is 2430503 prime?
True
Is 10684537 a prime number?
True
Is 1732207 composite?
True
Is 7006339 a composite number?
True
Is 2932861 a composite number?
True
Is 490932397 a composite number?
False
Is 212202017 composite?
False
Is 4424561 composite?
False
Is 2143147 a composite number?
False
Is 1492703 prime?
True
Is 3228367 a composite number?
True
Is 4497919 prime?
True
Is 6819539 composite?
False
Is 906809 a prime number?
True
Is 34117183 prime?
False
Is 30040889 a prime number?
True
Is 5595479 prime?
True
Is 30505661 a composite number?
False
Is 82675181 a composite number?
False
Is 2794189 a prime number?
True
Is 18288247 a prime number?
True
Is 40273682 prime?
False
Is 16495537 composite?
False
Is 6145991 a composite number?
True
Is 73563753 a prime number?
False
Is 20754961 prime?
False
Is 4343401 a composite number?
False
Is 15291829 composite?
True
Is 2733883 a composite number?
True
Is 11817811 a prime number?
True
Is 14712805 prime?
False
Is 10941539 composite?
True
Is 2390263 composite?
False
Is 1474219 composite?
True
Is 19154067 composite?
True
Is 2030443 a prime number?
False
Is 34393823 prime?
False
Is 1903691401 a composite number?
False
Is 1229947 a prime number?
False
Is 494677741 composite?
False
Is 5418151 composite?
True
Is 30976887 a composite number?
True
Is 1357103 a composite number?
True
Is 24553261 a composite number?
False
Is 4605683 a composite number?
True
Is 375896993 a prime number?
True
Is 220522 prime?
False
Is 471617 prime?
True
Is 197099387 prime?
False
Is 150592609 composite?
False
Is 136943 a composite number?
False
Is 36680979 composite?
True
Is 1903351 a composite number?
True
Is 21321977 a composite number?
False
Is 109203019 a composite number?
True
Is 17138677 a composite number?
True
Is 6520127 prime?
True
Is 11668997 a composite number?
False
Is 445014803 composite?
False
Is 2604431 prime?
True
Is 205161911 a composite number?
True
Is 5352533 a composite number?
False
Is 502025863 composite?
False
Is 275963 a composite number?
False
Is 58579211 composite?
True
Is 15411049 a composite number?
False
Is 4865989 a prime number?
True
Is 3464389 a composite number?
False
Is 747613 a composite number?
True
Is 25195871 composite?
False
Is 528217 prime?
True
Is 56169011 a composite number?
False
Is 10213001 a prime number?
True
Is 20872387 prime?
True
Is 51444473 prime?
False
Is 10611851 a composite number?
True
Is 67685641 prime?
False
Is 14733703 prime?
True
Is 6003167 prime?
False
Is 1186537 prime?
False
Is 476111495 composite?
True
Is 9741649 prime?
True
Is 256281637 composite?
False
Is 642421 a composite number?
True
Is 66479 composite?
True
Is 1215969 a composite number?
True
Is 190270211 composite?
True
Is 1452047 a composite number?
False
Is 2703893 a prime number?
False
Is 96427 composite?
True
Is 9380183 a prime number?
True
Is 9015301 a prime number?
True
Is 671467 composite?
False
Is 1214887 composite?
True
Is 3057646 a composite number?
True
Is 12908321 a prime number?
False
Is 31044847 prime?
True
Is 1535761 a prime number?
True
Is 8772139 composite?
False
Is 65574623 a composite number?
True
Is 749605 a prime number?
False
Is 2549101 a composite number?
False
Is 931097483 a prime number?
True
Is 140755457 composite?
False
Is 16431803 a composite number?
True
Is 6739627 a composite number?
False
Is 21010729 a prime number?
False
Is 563228257 a composite number?
False
Is 50173523 composite?
False
Is 2397763 a prime number?
False
Is 297393 a composite number?
True
Is 17282051 a prime number?
True
Is 18214363 prime?
True
Is 330523883 a composite number?
False
Is 5172569 composite?
False
Is 75950717 a composite number?
False
Is 1433573 a prime number?
True
Is 2682037 a prime number?
True
Is 14569565 composite?
True
Is 6131473 a prime number?
True
Is 4475389 prime?
True
Is 200050199 prime?
False
Is 22836487 prime?
True
Is 676679 prime?
True
Is 991217 prime?
True
Is 24648133 a prime number?
True
Is 43248763 a composite number?
True
Is 12990707 a prime number?
False
Is 39572017 prime?
True
Is 21654211 prime?
False
Is 24682073 composite?
True
Is 4485731 composite?
True
Is 120931171 prime?
False
Is 7709467 a composite number?
True
Is 2008621 composite?
False
Is 1277140811 composite?
False
Is 2245679 prime?
True
Is 4117057 composite?
True
Is 116627851 composite?
False
Is 69376679 prime?
False
Is 512019451 prime?
True
Is 71682487 a composite number?
False
Is 38255483 a composite number?
True
Is 3679789 composite?
False
Is 12362387 prime?
True
Is 35805947 prime?
False
Is 97932793 a prime number?
False
Is 68194213 composite?
False
Is 12633059 a composite number?
False
Is 7909987 composite?
False
Is 103520855 composite?
True
Is 89612767 composite?
True
Is 6727267 prime?
True
Is 48887407 composite?
False
Is 3551791 composite?
True
Is 4204903 composite?
False
Is 6304823 a composite number?
True
Is 1578271 composite?
True
Is 627191 composite?
False
Is 11492693 a composite number?
False
Is 670143293 prime?
True
Is 9700381 prime?
True
Is 3626033 a composite number?
False
Is 1727689 prime?
False
Is 17069951 prime?
False
Is 17512067 prime?
False
Is 234818693 a prime number?
True
Is 119323865 composite?
True
Is 100854803 a prime number?
False
Is 764831215 a prime number?
False
Is 96981679 composite?
True
Is 824141 prime?
False
Is 169522757 composite?
False
Is 237086137 a prime number?
True
Is 193922285 a prime number?
False
Is 5401013 composite?
False
Is 288694309 prime?
True
Is 11103727 a prime number?
True
Is 1791641 composite?
True
Is 116257231 composite?
True
Is 17309503 a composite number?
True
Is 6313027 composite?
True
Is 13352017 a composite number?
True
Is 28013003 composite?
True
Is 275838019 a prime number?
False
Is 71796143 composite?
False
Is 19963487 a prime number?
True
Is 260337071 a prime number?
True
Is 497351 composite?
False
Is 8103071 prime?
True
Is 7876327 a composite number?
True
Is 27135749 a composite number?
False
Is 9731767 a prime number?
True
Is 1034179 a composite number?
True
Is 2846543 composite?
True
Is 155421401 prime?
False
Is 27065651 a prime number?
True
Is 13430777 a composite number?
True
Is 105319 prime?
True
Is 164256185 a composite number?
True
Is 11865169 composite?
False
Is 56371961 a prime number?
False
Is 84435061 composite?
True
Is 1891069 a prime number?
True
Is 160919 prime?
False
Is 115118129 a composite number?
True
Is 1281779 composite?
False
Is 3872461 composite?
True
Is 26042817 composite?
True
Is 3875149 prime?
False
Is 36278861 a prime number?
False
Is 824563 prime?
True
Is 1870541 prime?
True
Is 1124951 composite?
False
Is 76140269 a composite number?
False
Is 172680513 a prime number?
False
Is 31822883 a composite number?
False
Is 597224669 composite?
False
Is 1949053 a composite number?
False
Is 1784527 composite?
False
Is 20202277 a composite number?
True
Is 1600093 a prime number?
False
Is 145902697 a prime number?
True
Is 7173533 prime?
True
Is 8814191 composite?
False
Is 735419 a prime number?
True
Is 427213 a prime number?
True
Is 170268577 prime?
True
Is 86027083 composite?
False
Is 11790661 a prime number?
True
Is 5501273 a composite number?
False
Is 1603031 a composite number?
True
Is 210187 prime?
True
Is 323637947 a prime number?
True
Is 85176277 a composite number?
True
Is 33837409 prime?
True
Is 6752489 composite?
False
Is 219510913 prime?
False
Is 20010917 a composite number?
False
Is 631727 a composite number?
True
Is 5254063 prime?
True
Is 4812065 prime?
False
Is 551621 a prime num